?
-51201
In base 5, what is 31313310322 - 10?
31313310312
In base 8, what is -714003 + 15?
-713766
In base 14, what is -6569 - -7b5?
-5b94
In base 10, what is 336540422 + 1?
336540423
In base 15, what is -5 - -11a503?
11a4ed
In base 6, what is 313 - -1302542?
1303255
In base 14, what is -2 + -867cc?
-867d0
In base 6, what is -1 + 24342112?
24342111
In base 9, what is 47 + 6401?
6448
In base 12, what is -11 + 158599?
158588
In base 12, what is -3 + 34575a5?
34575a2
In base 16, what is -1dcc3fc + -3?
-1dcc3ff
In base 15, what is 5044593 - -2?
5044595
In base 12, what is -7a3b399 - 3?
-7a3b3a0
In base 5, what is -13 - 20314012213?
-20314012231
In base 10, what is 17141440 + 0?
17141440
In base 5, what is -120431123 - 0?
-120431123
In base 16, what is 36a5 + -2a1?
3404
In base 6, what is -55 - -10530125?
10530030
In base 9, what is 22 - 7225451?
-7225428
In base 2, what is -101 + 111111001000100000111101101?
111111001000100000111101000
In base 2, what is -1110010101000111101111 - -100?
-1110010101000111101011
In base 8, what is -63 + -6500053?
-6500136
In base 2, what is -1100101010011001 + 10000010?
-1100101000010111
In base 14, what is 28c3a40 + 0?
28c3a40
In base 10, what is 147 + 11366?
11513
In base 11, what is 42a8 + -2776?
1632
In base 4, what is -212 + -11323130220?
-11323131032
In base 7, what is 4152260354 - 2?
4152260352
In base 13, what is -3156835a + -4?
-31568361
In base 12, what is 4050 - 393?
3879
In base 9, what is 626540 + -27?
626512
In base 14, what is -34 - 33ba3?
-33bd7
In base 12, what is -4 + -6169a13a?
-6169a142
In base 12, what is 2bb + 546?
845
In base 13, what is 379c + -a29?
2a73
In base 14, what is -9 + 162b1?
162a6
In base 10, what is 0 - -17730546?
17730546
In base 12, what is 8 + -1a533b8?
-1a533b0
In base 6, what is -4 - -122002215?
122002211
In base 3, what is -221 - -121200222011012?
121200222010021
In base 11, what is -4a048 + -40a?
-4a457
In base 12, what is 14352 + 36?
14388
In base 4, what is 1311022021223 + 0?
1311022021223
In base 9, what is 28 + 1817156?
1817185
In base 5, what is 431 - 41321244?
-41320313
In base 8, what is 0 - -4441130?
4441130
In base 8, what is -120021 + 15072?
-102727
In base 10, what is -7197681 + -2?
-7197683
In base 11, what is 0 - -a165343?
a165343
In base 11, what is 1 - 2566860?
-256685a
In base 3, what is -10020221100 - -111201?
-10020102122
In base 6, what is 43053 + -31?
43022
In base 11, what is -122 - 1a9858?
-1a997a
In base 4, what is 3 - -21301322100?
21301322103
In base 15, what is -892d + -63c?
-906a
In base 6, what is -1443405342 - 10?
-1443405352
In base 10, what is -625 + -230367?
-230992
In base 6, what is -2 + -13353453542?
-13353453544
In base 15, what is 95 - -95a0d?
95aa3
In base 6, what is 30 - -310234254?
310234324
In base 4, what is 0 + -10112321133112?
-10112321133112
In base 11, what is a746840 - 0?
a746840
In base 3, what is 122 - -212012210010?
212012210202
In base 6, what is 334 + -50030?
-45252
In base 2, what is 100110100001001101 + 100001001?
100110100101010110
In base 14, what is d1645 + 52?
d1697
In base 5, what is -2010442 + -23?
-2011020
In base 4, what is 120 - 1322020002?
-1322013222
In base 5, what is 113303443214 - -13?
113303443232
In base 16, what is -4 + 9032e?
9032a
In base 4, what is 3 - 2200122003?
-2200122000
In base 7, what is -21525552 - -4?
-21525545
In base 10, what is -21669208 - 54?
-21669262
In base 9, what is -317 - -531885?
531567
In base 13, what is -7064a3 + -2?
-7064a5
In base 14, what is 139c5688 + 3?
139c568b
In base 10, what is -147 - -137379?
137232
In base 4, what is -133103 - -21033?
-112010
In base 10, what is 4532023 + -16?
4532007
In base 6, what is 0 + 24225410?
24225410
In base 15, what is -1c00cd + 61?
-1c006c
In base 15, what is 241b31 - -4?
241b35
In base 3, what is 202001111110200 - 12?
202001111110111
In base 12, what is -156 + -16ba5?
-1713b
In base 12, what is 709846 + -230?
709616
In base 4, what is -2222132 + 220?
-2221312
In base 3, what is -121020221102 + -1022111?
-121022020220
In base 10, what is -214 + 1864529?
1864315
In base 6, what is -4201105 - 104?
-4201213
In base 11, what is 8368 - 33?
8335
In base 10, what is 1152 + -10515?
-9363
In base 7, what is 2 + 502330126?
502330131
In base 7, what is 64551 - -12351?
110232
In base 4, what is 10112 + -12201133?
-12131021
In base 2, what is 10100011010110101101011 - 100100?
10100011010110101000111
In base 5, what is -1114442 - 3230?
-1123222
In base 10, what is -1919430343 + 5?
-1919430338
In base 2, what is 110000111010111011110001 + 100010?
110000111010111100010011
In base 16, what is 1ed + 98d7?
9ac4
In base 11, what is -11360a8 - -84?
-1136024
In base 16, what is -4 - 59a7b?
-59a7f
In base 13, what is -16 - -165ba08?
165b9c2
In base 7, what is -65624 + 642?
-64652
In base 7, what is -26 - 256050?
-256106
In base 6, what is -30140424 + -33?
-30140501
In base 3, what is 112211120 + 120121012?
1010102202
In base 6, what is 213 + -1253422240?
-1253422023
In base 15, what is -5 - 488e5d?
-488e63
In base 13, what is 2c4 - -12195?
12489
In base 11, what is 8009 - -2816?
a824
In base 5, what is -343334 + 1312342?
414003
In base 12, what is -12488556 - -2?
-12488554
In base 3, what is 212212201000012012 - -1?
212212201000012020
In base 10, what is 958 + 422?
1380
In base 14, what is 8054a0 + -37?
805467
In base 4, what is 202 + 302302020?
302302222
In base 5, what is -1244323 - -2340?
-1241433
In base 10, what is -85857 + -257?
-86114
In base 13, what is -1622 + -30a5?
-46c7
In base 4, what is 221112 - 10102222?
-3221110
In base 4, what is -2 - -221122323302?
221122323300
In base 8, what is 226202 - -654?
227056
In base 16, what is -4f - -b367?
b318
In base 8, what is -1 - -64100400?
64100377
In base 15, what is 12 + 94d2ba?
94d2cc
In base 7, what is 22 + -264204320?
-264204265
In base 16, what is b30 + -31a?
816
In base 8, what is 5 - -364760427?
364760434
In base 6, what is -10411202 - -10351?
-10400411
In base 3, what is -1222010020010 - 22?
-1222010020102
In base 7, what is -244 - -2253651?
2253404
In base 4, what is 203 - 1032022213?
-1032022010
In base 2, what is 11111001100 + 100011001?
100011100101
In base 13, what is -10 + -2285942?
-2285952
In base 11, what is 2 - -4808422?
4808424
In base 5, what is -334231 + 2240?
-331441
In base 6, what is -413511 + 21522?
-351545
In base 13, what is 26a688 - 0?
26a688
In base 6, what is 40 - 1253343125?
-1253343045
In base 10, what is -23310 - 5592?
-28902
In base 13, what is -2494 - 1878?
-403c
In base 13, what is 11674 - -2204?
13878
In base 16, what is 17ddfb + 4?
17ddff
In base 12, what is 267107 + -470?
266857
In base 13, what is a37 - 84162?
-83428
In base 9, what is 0 + 176666?
176666
In base 6, what is 214321 + 11215?
225540
In base 4, what is -1020331 - 233303?
-1320300
In base 12, what is 4617 - 39b57?
-35540
In base 12, what is 48028 + 10?
48038
In base 15, what is -190a41 + -45?
-190a86
In base 12, what is 4 - 1768692?
-176868a
In base 12, what is -12 + 5492909?
54928b7
In base 5, what is -33141144304 - -2?
-33141144302
In base 12, what is -7 + 1725684a?
17256843
In base 16, what is -b2e0673 + 5?
-b2e066e
In base 8, what is -5306656 - -4?
-5306652
In base 8, what is -270 - 47344?
-47634
In base 7, what is 55 + 14224540?
14224625
In base 15, what is -594ba4b - 0?
-594ba4b
In base 14, what is -7071 + -3481?
-a512
In base 15, what is 1 + 57d737?
57d738
In base 8, what is 50312024 + 2?
50312026
In base 3, what is 20000111 + -201010120?
-111010002
In base 9, what is -6303 + 3883?
-2310
In base 6, what is 4 + 50045152?
50045200
In base 7, what is -164632 - 222?
-165154
In base 4, what is -12323110020 - -11?
-12323110003
In base 5, what is -2 - 43102240123?
-43102240130
In base 14, what is 78c5 + -663?
7262
In base 10, what is 499537 - -41?
499578
In base 13, what is 26 + 249a96?
249abc
In base 16, what is 5 + 1af71c?
1af721
In base 14, what is -27d65 - -1?
-27d64
In base 15, what is -290 - 207b1?
-20a51
In base 12, what is 10a8a - 563?
10527
In base 3, what is -111 - -212220210220?
212220210102
In base 14, what is -4 + 4730ca2?
4730c9c
In base 9, what is 1 - -108604?
108605
In base 10, what is 262325 + -502?
261823
In base 16, what is 4 + -e911b69?
-e911b65
In base 4, what is 120201312 + 1202?
12020